{"id":8025,"date":"2022-06-13T12:26:21","date_gmt":"2022-06-13T11:26:21","guid":{"rendered":"https:\/\/www.vivrenu-tv.com\/?page_id=8025"},"modified":"2022-07-10T08:47:01","modified_gmt":"2022-07-10T07:47:01","slug":"mentions-legales","status":"publish","type":"page","link":"https:\/\/www.vivrenu-tv.com\/?page_id=8025","title":{"rendered":"Mentions l\u00e9gales"},"content":{"rendered":"\n<p>Vivrenu-tv.com<br>Site \u00e9dit\u00e9 par la soci\u00e9t\u00e9  G i l l e s   B A U C H A R T  47 rue d\u2019Anjou 78000 Versailles<br>n\u00b0 SIREN : 514 322 783<\/p>\n\n\n\n<p>Contact&nbsp;<a href=\"https:\/\/www.vivrenu-tv.com\/?page_id=47\" target=\"_blank\" rel=\"noreferrer noopener\">https:\/\/www.vivrenu-tv.com\/?page_id=47<\/a><\/p>\n\n\n\n<p><br>H\u00e9bergeur&nbsp;<strong>OVH<\/strong>&nbsp;SAS : 2 rue Kellermann \u2013 BP 80157 59053 ROUBAIX CEDEX 1<\/p>\n","protected":false},"excerpt":{"rendered":"<p>Vivrenu-tv.comSite \u00e9dit\u00e9 par la soci\u00e9t\u00e9 G i l l e s B A U C H A R T 47 rue d\u2019Anjou 78000 Versaillesn\u00b0 SIREN : 514 322 783 Contact&nbsp;https:\/\/www.vivrenu-tv.com\/?page_id=47 H\u00e9bergeur&nbsp;OVH&nbsp;SAS : 2 rue Kellermann \u2013 BP 80157 59053 ROUBAIX CEDEX 1<\/p>\n","protected":false},"author":1,"featured_media":0,"parent":0,"menu_order":0,"comment_status":"closed","ping_status":"closed","template":"","meta":{"_monsterinsights_skip_tracking":false,"_monsterinsights_sitenote_active":false,"_monsterinsights_sitenote_note":"","_monsterinsights_sitenote_category":0,"footnotes":""},"class_list":["post-8025","page","type-page","status-publish","hentry"],"_links":{"self":[{"href":"https:\/\/www.vivrenu-tv.com\/index.php?rest_route=\/wp\/v2\/pages\/8025","targetHints":{"allow":["GET"]}}],"collection":[{"href":"https:\/\/www.vivrenu-tv.com\/index.php?rest_route=\/wp\/v2\/pages"}],"about":[{"href":"https:\/\/www.vivrenu-tv.com\/index.php?rest_route=\/wp\/v2\/types\/page"}],"author":[{"embeddable":true,"href":"https:\/\/www.vivrenu-tv.com\/index.php?rest_route=\/wp\/v2\/users\/1"}],"replies":[{"embeddable":true,"href":"https:\/\/www.vivrenu-tv.com\/index.php?rest_route=%2Fwp%2Fv2%2Fcomments&post=8025"}],"version-history":[{"count":0,"href":"https:\/\/www.vivrenu-tv.com\/index.php?rest_route=\/wp\/v2\/pages\/8025\/revisions"}],"wp:attachment":[{"href":"https:\/\/www.vivrenu-tv.com\/index.php?rest_route=%2Fwp%2Fv2%2Fmedia&parent=8025"}],"curies":[{"name":"wp","href":"https:\/\/api.w.org\/{rel}","templated":true}]}}